+ 6?
1
Let r(j) = -j**3 - 6*j**2 - 5*j - 5. Let i be r(-6). Let k = i + -22. Suppose -k = -t + 19. What is the remainder when 64 is divided by t?
20
Let h(z) = 27*z - 16. Calculate the remainder when 119 is divided by h(1).
9
Let a(m) = -m**3 - m**2 - m + 820. Let u be a(0). Let v be u/(-15) - 4/(-6). Let r = -24 - v. Calculate the remainder when r is divided by 11.
8
Suppose 41*a + 358 = 1055. Calculate the remainder when 167/5 + (-4)/10 is divided by a.
16
Let q(v) be the first derivative of v**3 + 2*v**2 + 5*v + 45. What is the remainder when q(-4) is divided by 19?
18
Let u = 224 + 93. Calculate the remainder when u is divided by 53.
52
Suppose 3*o + 6*b = 5*b + 107, -b - 68 = -2*o. What is the remainder when 103 is divided by o?
33
Suppose -105*s - 9 = -108*s. Calculate the remainder when 75 is divided by s.
0
Calculate the remainder when 215 is divided by (296/16)/(2/4).
30
Suppose 5*y - 8 = -0*y + 3*f, -3*y - f = -16. Suppose 2*g + 786 = 7*g - y*s, 3*s = -g + 142. Calculate the remainder when g is divided by 31.
30
Let o be (-2 - 2 - 221)/(-1). Let t = 8 + 5. Calculate the remainder when 48/18*o/12 is divided by t.
11
Let j = -997 + 1044. Calculate the remainder when 76 is divided by j.
29
Suppose 0*k - 3*k = -462. What is the remainder when k is divided by 40?
34
Let v(p) be the second derivative of p**3/2 + 18*p**2 + 17*p. Calculate the remainder when 20 is divided by v(-10).
2
Let o = -1 + -11. Let w = 17 + o. Suppose 150 - 30 = w*s. Calculate the remainder when 71 is divided by s.
23
Let q = 237 - 220. What is the remainder when 20 is divided by q?
3
Let t = -90 - -166. Let k = 127 - t. What is the remainder when k is divided by 11?
7
Let j(t) = t + 185. What is the remainder when 577 is divided by j(-36)?
130
Suppose -177 = -4*a + 3*z, -3*a + 0*z - 5*z + 111 = 0. Let s = a + 23. Calculate the remainder when s is divided by 18.
11
Suppose 5*t - 50 = -3*x, 6*t - 2*t = 3*x - 14. Suppose w + x = -5*o + 2*w, 3*o + w = 2. What is the remainder when 41 is divided by (o - 1)*21/(-2)?
20
Suppose 0 = 37*r - 1168 + 391. What is the remainder when 398 is divided by r?
20
Let i = -294 + 520. Calculate the remainder when i is divided by 33.
28
Suppose 0 = -5*u + 6*u + 5*j - 32, -u = 3*j - 36. What is the remainder when u is divided by 28?
14
Let w(f) = -f**3 + 8*f**2 + 23*f - 16. What is the remainder when 265 is divided by w(10)?
13
Let r(g) = g**3 - 4*g**2 - 3*g + 4. Suppose 6*d + 136 = 22. Let l = -14 - d. Calculate the remainder when r(5) is divided by l.
4
Calculate the remainder when 189 is divided by (-2)/(6 + (-70)/15)*-26.
33
Suppose 27 + 3 = 3*i. What is the remainder when ((-8)/(-6))/(1/(24/2)) is divided by i?
6
Let w(f) = f**2 + 10*f + 3. Suppose 23 = -5*r - 27. Let g be w(r). Suppose g*x - 2*n = 113, -x + 143 = 3*x + 5*n. What is the remainder when x is divided by 13?
11
Suppose -6*o + 5*o + f = -132, 6*o - 737 = -5*f. What is the remainder when o is divided by 9?
1
Suppose 2*w - 35 = -x, w - 4*w - x = -54. Suppose w = -3*d + 46. What is the remainder when d is divided by 3?
0
Calculate the remainder when (3 - -1) + 71 + 3 + -3 is divided by 30.
15
Let h(y) = -4*y**3 + 5*y**3 - 3*y - 4 + 1. Let m be 4 - (6/3 - 1). Calculate the remainder when 43 is divided by h(m).
13
Let z(t) = t**3 - t**2 + 5*t. Suppose -12 = -p - 3*p + 5*b, -4*b = 3*p - 9. Calculate the remainder when 64 is divided by z(p).
31
Let q = 25 - 41. Let k = 20 - q. Suppose -2*b - 4*p + 194 = 0, 3*b - 2*p - 3*p - 346 = 0. Calculate the remainder when b is divided by k.
35
Suppose 4*d + 4 - 12 = 0. Suppose 55 = 2*a - j, -d*a + 5*a - 5*j - 79 = 0. What is the remainder when a is divided by (6*1)/(-2)*-5?
13
Let t(l) = -2*l**2 + 48*l + 21. What is the remainder when t(24) is divided by 6?
3
Let v = 50 + -48. Suppose -3*u - 3*s + 19 = -s, 0 = -4*u - v*s + 22. Calculate the remainder when 13 is divided by u.
1
Let z = 44 - 47. What is the remainder when 1 + 25 + ((-9)/z - 3) is divided by (9/2)/(1/2)?
8
Let w = -1644 - -1657. Let o = 58 - 33. Calculate the remainder when o is divided by w.
12
Suppose -508 + 194 = -2*d. Let c = d - 43. What is the remainder when c is divided by 23?
22
Let q(a) = 8*a - 11. Let j = -18 - -21. Let g = -8 + 16. Calculate the remainder when q(j) is divided by g.
5
What is the remainder when 95 is divided by 60*(37/5 + -7)?
23
Let j = 379 - 239. Calculate the remainder when 41 is divided by (-8 - j/(-8)) + (-2)/(-4).
1
Let a = -56 + 30. Let h = 2571 + -2560. What is the remainder when (-2 - a)*27/12 is divided by h?
10
Suppose -700 = 372*i - 397*i. What is the remainder when 949 is divided by i?
25
Let l(r) = -2*r**3 + 37*r**2 + 46*r - 340. What is the remainder when 854 is divided by l(19)?
162
Let j(f) = -f**2 + 10*f - 11. Let z be j(8). Let k be -10 + -3 + 15/z. Let d = 11 - k. Calculate the remainder when 62 is divided by d.
20
Suppose 0 = -4*u + 2*n - 66, n - 24 = -3*u - 66. Let t = -9 - u. What is the remainder when ((-3)/t)/(5/(-510)) is divided by 18?
15
Suppose 4*x + 4*g - 208 = 0, -4*g = -8*x + 6*x + 74. Calculate the remainder when x is divided by 25.
22
Suppose 4*r + 5*j - 3179 + 1184 = 0, 4*r - 1977 = j. Calculate the remainder when r is divided by 100.
95
Let g(j) = j**2 + 2*j - 2. Suppose -629 = -66*z - 35. Calculate the remainder when g(5) is divided by z.
6
Suppose 0 = -4*c - 148 + 496. What is the remainder when c is divided by 10?
7
Let s = 138 + -45. Let x be (-2 + -1)*(-2 + -2). Suppose -n + 3*h = -x, -3*h - 8 = -5*h. What is the remainder when s is divided by n?
21
Let l(f) = -9*f + 1. Suppose -o + 5*h = -107, -3*o + h + 383 = 62. Calculate the remainder when o is divided by l(-4).
33
Suppose 6*t - 260 = 202. Calculate the remainder when 150 is divided by t.
73
Suppose 0 = -3*s + b + 121, 3*b = 5*s - 3*s - 83. Suppose -4*v - 4*f = -464, -f - 4 = -2. What is the remainder when v is divided by s?
38
Let l(u) = -u + 30. Let f be 2 + 3 - (1 + -8). Calculate the remainder when 65 is divided by l(f).
11
Suppose 5*t + 8*n - 6*n - 165 = 0, 2*t - 82 = -4*n. Suppose 51 = h + 5*d - 7*d, 0 = -3*h - 5*d + 197. Calculate the remainder when h is divided by t.
28
Let i(n) = -4*n**3 - 6*n**2 - 8*n + 1. Suppose -4*p + 29 = -19. What is the remainder when i(-3) is divided by p?
7
Suppose -13*h + 9*h + 72 = 0. Let w = 34 - h. Calculate the remainder when -1 + -1 - (-44 - 3) is divided by w.
13
Let z(m) = m**2 + 8*m + 5. Let k be z(-7). Let g(t) = -14*t + 1. What is the remainder when g(-1) is divided by k*-3*(-5)/(-5)?
3
Let o = 75 + -111. Let x = -16 - o. Calculate the remainder when 372/x*(7 + -2) is divided by 24.
21
Let k(t) = t**2 - 5*t - 8. Let f be k(-5). Suppose -4*s + 2*i = -56, 5*s - 2*s = 5*i + f. What is the remainder when s is divided by 6?
2
Suppose -4*r + 2*g + 146 + 34 = 0, 0 = 3*g - 6. What is the remainder when r is divided by 7?
4
Suppose -2*g = -5*g + 27. Suppose g*l = 8*l - 7. Let x(z) = z**2 + 6*z + 2. Calculate the remainder when 16 is divided by x(l).
7
Suppose 177 = 7*z + 37. What is the remainder when 171 is divided by z?
11
Let y = 62 + -51. Let m(h) = -7*h - 1. What is the remainder when m(-6) is divided by y?
8
Let c(w) = w**2 + 19*w + 34. Let b be c(-17). Suppose b = 8*i + 2*i - 260. Calculate the remainder when 76 is divided by i.
24
Suppose 91*b - 31 = 90*b. What is the remainder when 82 is divided by b?
20
Suppose 0 = 24*a + a - 775. Suppose 0 = -3*s - 2*t + 58, -3 = -4*t + 5. What is the remainder when a is divided by s?
13
Suppose n - 2006 = -5*o, 2*o = n - 182 + 990. Suppose 501 = 4*l - 3*c, 4*l + 3*c = l + o. What is the remainder when l is divided by 22?
19
Let d = -22 + 27. Let s = 30 - d. What is the remainder when s is divided by 13?
12
Suppose 4*a = -2*l - 8 + 28, 10 = 2*l - a. Let b be (l/(-4))/(12/32). Let w = b + 19. Calculate the remainder when w is divided by 8.
7
Calculate the remainder when 1561/24 - 77/1848 is divided by (-4)/(-10) - 136/(-10).
9
Let i = -13 - -8. Let g(r) be the third derivative of -5*r**4/24 + r**3/3 - 23*r**2. Calculate the remainder when g(i) is divided by 15.
12
Let v(i) = i - 4. Let t be v(8). Suppose -4*l = -t*k + 2*k - 20, -8 = -2*k. What is the remainder when l is divided by 6?
1
Let m = -2320 + 2334. Suppose k + 18 = 5*y, -3*y + 9 = -2*k + 1. What is the remainder 